429*j = -209304. What is the hundreds digit of j?
7
Let m be 1 + (5 + 11 - (4 - 2)). Let j = m - 13. Suppose -z + 32 = -4*q, j*z - 26 = -4*q + 2. What is the units digit of z?
0
Let r(i) = -7*i - 14. Let x be r(-4). Suppose -7*z = -5*z - x. Suppose -2*q = -z*q + 210. What is the tens digit of q?
4
Suppose 17*x = -21474 + 174865. What is the thousands digit of x?
9
Let f be (-6)/((-3)/320*4). Suppose -u - 4*n = -f + 19, 0 = -4*n. What is the hundreds digit of u?
1
Let l be 4/(-26) + 3002/247. Let v(h) = 2 - 4 - 2 - 3*h + 4*h. What is the units digit of v(l)?
8
Let i(t) = 2*t**3 - 14*t**2 - 31*t - 115. What is the hundreds digit of i(18)?
4
Let o(t) be the first derivative of t**2/2 + 18*t + 33. Let h be o(-14). Suppose -h*y + 144 = u, 2*u + 38 = 4*y - 94. What is the units digit of y?
5
Suppose 0 = m + 3, -110*u - 3*m = -111*u + 1447. What is the units digit of u?
8
Let q be 6/(-9) + 276/36 - 2. Suppose 4*s = -5*c + 5022 + 1012, -q*s + 4829 = 4*c. What is the units digit of c?
6
Suppose 134 = 3*p - 343. Suppose -p*k = -163*k + 2208. What is the units digit of k?
2
Suppose -v + 2844 = 2*k, k - 4*v = -416 + 1829. Suppose k + 388 = 9*y. What is the tens digit of y?
0
What is the units digit of ((-292)/(-110))/(2/31970) + (-631)/(-6941)?
3
Let u be -23*2*(-6)/4. Let t = -154 + u. Let m = t - -195. What is the units digit of m?
0
Suppose -537 = -4*i - 2753. Let a = -167 - i. Suppose -2*u + 79 = -a. What is the tens digit of u?
3
Suppose p = 3*p + 54. Let d = p - -32. Suppose -5*z = -2*i - 608, -4*z - d*i - 620 = -9*z. What is the hundreds digit of z?
1
Let f(n) = 70*n + 280. Let j(s) = 7*s + 28. Suppose -2*y + 2*r + 12 = 6*r, -3*r = 5*y - 16. Let u(w) = y*f(w) - 21*j(w). What is the units digit of u(-7)?
1
Suppose 17*v - 13*v = 0. Suppose -k + 33 + 191 = v. Let r = k + -72. What is the hundreds digit of r?
1
Suppose 184*t + 67*t + 375*t - 31250546 = 0. What is the units digit of t?
1
Suppose -36*u - 34*u - 15*u = -255. Let p(x) = -33*x - 1. Let f be p(-5). Suppose f + 115 = u*s. What is the units digit of s?
3
Suppose 3*d + 6*p - 61395 = 0, 4*d = -p + 57492 + 24410. What is the thousands digit of d?
0
Suppose -3*j - 6 = 3*u - 0, 5*u = -10. Suppose j = 2*f + 5*f. Suppose 0 = -3*g + 5*g + w - 237, -4*g - 4*w + 476 = f. What is the hundreds digit of g?
1
Suppose -z + 2*f - 14 = -25, 3*z = f + 13. Suppose -4*u - 4*c = -1288, -2*u + 658 = -z*c - 2*c. What is the units digit of u?
4
Let m = -74 - -76. Suppose h + 118 = m*k - 229, -5*k - 3*h + 862 = 0. What is the hundreds digit of k?
1
Let s(y) = 90*y + 3495. What is the hundreds digit of s(0)?
4
Suppose 0 = 2*j, -13*b - 2*b + 693787 = 2*b + 2*j. What is the units digit of b?
1
Let q be 2 + 4 + 312 - -2. Suppose -14*f - q = -6*f. What is the units digit of (16/10)/(-4) + (-2576)/f?
4
Let d = -4105 - -6197. What is the hundreds digit of d?
0
Let q(o) = 181*o + 38. Let t(s) = -360*s - 75. Let u(x) = -11*q(x) - 6*t(x). What is the tens digit of u(6)?
4
Suppose 0*i + 3*i = q - 19, 4*i = q - 24. Suppose d = -q*m + 20, 2*m + 134 = 2*d + 2*d. Let n = 43 - d. What is the units digit of n?
1
Suppose -82*m = -81*m - 953. Suppose 1203 = 11*t - m. What is the hundreds digit of t?
1
Suppose 7*y + 24 = 4*o + 3*y, -2*o = -3*y - 13. Suppose -3*x + 989 = t - 345, o*t = -5*x + 2230. What is the units digit of x?
4
Let f(x) = 14*x - 8*x - 7*x**2 + 10*x + 4*x**3 + 22 - 5*x**3. Let h be f(-10). What is the units digit of 2/(-4)*1*h/(-9)?
9
Suppose 3*w - 66*w + 1419392 = -1674412. What is the tens digit of w?
0
Suppose 6*p + 19 + 5 = 0. Let c be (-3)/(18/p)*(-27)/6. What is the tens digit of 3087/35 + c/15?
8
Let s be (10/15)/((-2)/3). Let w be -1*(s - -1 - 5). Suppose 0 = -5*t - w*t + 940. What is the tens digit of t?
9
Let f(j) = -12*j**2 + 2*j - 2. Let a be f(2). Let l = a - -54. Suppose 5*u = l*u - 138. What is the units digit of u?
6
Let l(o) = -2*o**3 - o**2 - o - 5. Let t be l(-2). Suppose -t*b + 3018 = -3*b. What is the hundreds digit of b?
5
Let m(s) = s**3 - 7*s**2 + 8*s + 6. Let j be m(3). Let p(x) = -21*x - 12. What is the tens digit of p(j)?
1
Let j be 14*(((-285)/3)/5 - 4). Let m = 903 + j. What is the units digit of m?
1
Suppose -448*d - 111716 = -492*d. What is the units digit of d?
9
Let f = 243 - 143. Suppose 3*z - 8 = 2*i, 0*i = 3*z + 4*i + 16. Suppose z*u = -5*u + f. What is the units digit of u?
0
Let h(g) be the second derivative of 7*g**3/6 - 11*g**2 + 4*g. Let a be h(5). Suppose 8*f - a*f + 795 = 0. What is the hundreds digit of f?
1
Let w(f) = -198*f - 986. What is the hundreds digit of w(-23)?
5
Let c be (-8)/6 + (-9)/(27/2). Let u be c + 3 - (8 - 5). What is the tens digit of 20 + u/4*0/8?
2
Let a = -9552 - -12588. What is the thousands digit of a?
3
Let d be (3 - (-10 + 6 + -757))*2. Suppose 2900 = 3*i - d. What is the tens digit of i?
7
Let g(b) = b**2 + 25*b - 23. Let j be g(-26). Suppose 0 = j*u - 2*w - w - 798, 0 = -3*u - 3*w + 768. What is the hundreds digit of u?
2
Let j be ((-666)/(-1110))/(2/(-810)). Let a = -3 - 7. What is the units digit of 2*j/a - 70/(-175)?
9
Let w(d) = d**3 + 6*d**2 - 6*d + 3. Let i be w(-7). Let j be (-96)/((-38)/8 - i). Let x = j + 83. What is the hundreds digit of x?
2
Suppose -3*o = 3*n - 6297, -n + 2111 = -2*o - o. Let t = -451 + 451. Suppose t = -11*f - 540 + n. What is the hundreds digit of f?
1
Let j = 23508 + -16669. What is the thousands digit of j?
6
Let z(r) = -2*r**2 + 27*r - 53. Let j be z(13). What is the hundreds digit of (-212)/j*5*30?
7
Suppose 5*o + 5*f - 25 = 0, 3*f + 6 = 4*o - 0*f. Let s(r) = 34*r**2 + 2*r - 17. What is the hundreds digit of s(o)?
2
Suppose 1569 = 3*x - 0*q - 4*q, -2092 = -4*x - 3*q. Let t = -18 + x. What is the hundreds digit of t?
5
Suppose -17 = 3*r - 23. Suppose 0 = -r*s - 5*k - 15, -5*s - k = -0*s - 20. Suppose s*t = x - 166, -2*t = 3*x - 3*t - 442. What is the hundreds digit of x?
1
Let v(i) = -i**2 - 40*i - 63. Let y be (105/18)/((-2)/3)*4. What is the hundreds digit of v(y)?
1
Let g be 12*2/8 - 513. Let s = -330 - g. What is the hundreds digit of s?
1
Let g = 2264 + 4886. What is the thousands digit of g?
7
What is the tens digit of (-3 - (-227 - (8 - 14)))*85?
3
Let s(u) = 3*u**2 + 68*u - 787. What is the units digit of s(-45)?
8
Suppose 13*z - 13729 = 1286. What is the hundreds digit of z?
1
Let w(p) = -2*p**2 + 458*p + 48. What is the units digit of w(29)?
8
Suppose -66*d + 1197808 = 54*d - 34*d. What is the hundreds digit of d?
9
Suppose 6*j - 48 = -18. What is the units digit of -78*(-4*j/30 + 0)?
2
Let r = 19765 + -4797. What is the hundreds digit of r?
9
Let d be (-1*(-20)/(-4))/(-1). Let v(o) = -7*o**2 - 30*o + 35. Let t(n) = 4*n**2 + 15*n - 18. Let p(m) = d*t(m) + 3*v(m). What is the tens digit of p(-11)?
5
Suppose 3757112 = -16*m + 129*m - 894194. What is the tens digit of m?
6
Suppose 27431 + 1384 = 17*c. Suppose -7*t + c = -811. What is the units digit of t?
8
Suppose -4*n + 729 = 3*g, 0 = 5*n + 4*g - 1201 + 289. Let c be (-3264)/n - 2/(-15). Let y(i) = -5*i + 27. What is the tens digit of y(c)?
1
Suppose 0 = 3*k + 1 - 7. Let l = 192 + -316. What is the units digit of (-50)/40*(-2 + l + k)?
5
Let i = -61783 + 100930. What is the tens digit of i?
4
Suppose 3*h + 309687 + 497616 = 24*h. What is the thousands digit of h?
8
Let z = 128250 - 39563. What is the thousands digit of z?
8
Suppose -1 = -75*m + 74*m, 5*m + 32625 = 5*x. What is the units digit of x?
6
Suppose -i + 0*y - 158 = 2*y, 3*i + 2*y + 466 = 0. Let a = 244 + i. What is the units digit of a?
0
Let h(r) = 26*r**3 - 5*r**2 + 103*r - 17. What is the thousands digit of h(7)?
9
Suppose 1951272 = 1950*s - 1909*s. What is the thousands digit of s?
7
Let x(r) = 4*r**2 + r - 4. Let l be x(-5). Let o = -91 + l. Let j(c) = c**2 + 2*c + 43. What is the tens digit of j(o)?
4
What is the ten thousands digit of 56/(-9)*3*133458/(-236)?
1
Suppose 3*f - 3133 = -4*i, -785*i + 783*i = 3*f - 1577. What is the tens digit of i?
7
What is the units digit of -7 + (-2655842)/(-49) - (-224)/196?
5
What is the ten thousands digit of (2 - 111917/(-2)) + (-8)/(-208)*13?
5
Suppose 2*m - 2630 = -0*b + 2*b, 0 = -2*b - 10. Suppose 4*o - 3*d - m = 470, 3*o - 1335 = 3*d. What is the tens digit of o?
4
Suppose -1646*z + 303184 = -1618*z. What is the hundreds digit of z?
8
Let m(z) = 